{"id":489,"date":"2020-08-12T20:08:15","date_gmt":"2020-08-12T17:08:15","guid":{"rendered":"https:\/\/erenji.ru\/?page_id=489"},"modified":"2021-05-03T12:12:12","modified_gmt":"2021-05-03T09:12:12","slug":"%d0%bf%d1%80%d0%be%d0%ba%d0%b0%d1%87%d0%ba%d0%b0-%d0%bc%d0%b0%d1%88%d0%b8%d0%bd","status":"publish","type":"page","link":"https:\/\/erenji.ru\/?page_id=489","title":{"rendered":"\u041f\u0440\u043e\u043a\u0430\u0447\u043a\u0430 \u0442\u0440\u0430\u043d\u0441\u043f\u043e\u0440\u0442\u0430"},"content":{"rendered":"\n<p>\u042f \u0437\u0430\u043c\u0435\u0442\u0438\u043b\u0430, \u0447\u0442\u043e \u043d\u0435\u043a\u043e\u0442\u043e\u0440\u044b\u0435 \u0442\u0440\u0430\u0441\u0441\u044b \u0432 \u041a\u0421 \u0443 \u043d\u0435\u043a\u043e\u0442\u043e\u0440\u044b\u0445 \u0438\u0433\u0440\u043e\u043a\u043e\u0432 \u043d\u0435 \u0432\u044b\u043f\u043e\u043b\u043d\u044f\u044e\u0442\u0441\u044f, \u0438 \u0437\u043d\u0430\u044e \u043f\u043e\u0447\u0435\u043c\u0443: \u043d\u0435\u0442 \u043c\u0430\u0448\u0438\u043d&#8230;<\/p>\n\n\n\n<p>\u041d\u0435\u043a\u043e\u0442\u043e\u0440\u044b\u043c \u0438\u0433\u0440\u043e\u043a\u0430\u043c \u043a\u0430\u0436\u0435\u0442\u0441\u044f, \u0447\u0442\u043e \u043e\u0442\u0434\u0430\u0442\u044c +\/- 100 \u0442\u044b\u0441\u044f\u0447 \u043c\u043e\u043d\u0435\u0442 &#8212; \u044d\u0442\u043e \u043e\u0447\u0435\u043d\u044c \u043c\u043d\u043e\u0433\u043e, \u0432 \u0442\u043e \u0432\u0440\u0435\u043c\u044f, \u043a\u043e\u0433\u0434\u0430 \u0446\u0435\u043b\u044c \u043f\u0440\u043e\u043a\u0430\u0447\u0430\u0442\u044c \u0442\u0443 \u043c\u0430\u0448\u0438\u043d\u0443, \u043a\u043e\u0442\u043e\u0440\u0443\u044e \u043e\u043d \u0441\u0435\u0439\u0447\u0430\u0441 \u043a\u0430\u0447\u0430\u0435\u0442.<\/p>\n\n\n\n<p>\u041d\u043e \u044d\u0442\u043e \u043d\u0435 \u0442\u0430\u043a! \u0415\u0441\u043b\u0438 \u0432\u044b \u0430 \u0442\u0435\u0447\u0435\u043d\u0438\u0435 \u0434\u043d\u044f \u0434\u043e 15.00 \u0438 \u043f\u043e\u0441\u043b\u0435 15.00 (\u041c\u043e\u0441\u043a\u043e\u0432\u0441\u043a\u043e\u0435 \u0432\u0440\u0435\u043c\u044f) \u0432\u044b\u043a\u0430\u0442\u0430\u0435\u0442\u0435 \u043a\u0443\u0431\u043a\u0438 \u0438 \u0437\u0430\u0431\u0435\u0440\u0451\u0442\u0435  \u043f\u043e 6 \u0442\u0440\u0435\u0445\u0447\u0430\u0441\u043e\u0432\u044b\u0445 \u0441\u0443\u043d\u0434\u0443\u043a\u043e\u0432 (\u0442\u0435, \u0447\u0442\u043e \u0437\u0430 \u0440\u0435\u043a\u043b\u0430\u043c\u0443), \u0432\u044b\u043a\u0430\u0442\u0430\u0435\u0442\u0435 \u0442\u0440\u0430\u0441\u0441\u0443 \u0441 \u0433\u043e\u043b\u0443\u0431\u044b\u043c\u0438 \u0441\u0443\u043d\u0434\u0443\u043a\u0430\u043c\u0438, \u0437\u0430\u0431\u0435\u0440\u0435\u0442\u0435 \u0441\u0438\u043d\u0438\u0435 \u0441\u0443\u043d\u0434\u0443\u043a\u0438 + \u0441 \u043d\u043e\u0447\u0438 (\u0438 \u0432 \u0442\u0435\u0447\u0435\u043d\u0438\u0435 \u0434\u043d\u044f \u043f\u043e\u0434\u0442\u044f\u043d\u0443\u0442\u0441\u044f \u0437\u043e\u043b\u043e\u0442\u044b\u0435 \u0438\u043b\u0438 \u0441\u0435\u0440\u0435\u0431\u0440\u044f\u043d\u044b\u0435 \u0441\u0443\u043d\u0434\u0443\u043a\u0438), \u0430 \u0442\u0430\u043a\u0436\u0435 \u0442\u0435\u043f\u0435\u0440\u044c \u0435\u0449\u0435 \u043f\u043e\u044f\u0432\u0438\u043b\u0438\u0441\u044c \u0437\u0430\u0434\u0430\u043d\u0438\u044f &#8212; \u0432 \u0446\u0435\u043b\u043e\u043c \u0431\u043e\u043b\u044c\u0448\u0435 100 \u0437\u0430 \u0434\u0435\u043d\u044c \u0441\u0434\u0435\u043b\u0430\u0442\u044c \u043c\u043e\u0436\u043d\u043e<\/p>\n\n\n\n<p>\u0410 \u0435\u0449\u0435 \u0432\u0435\u0434\u044c \u043a\u0430\u0436\u0434\u044b\u0435 \u0434\u0432\u0430 \u0434\u043d\u044f \u043f\u0440\u0438\u0431\u044b\u0432\u0430\u044e\u0442 \u0434\u0435\u043d\u044c\u0433\u0438 \u0441 \u041a\u0421, \u0440\u0430\u0437 \u0432 \u043d\u0435\u0434\u0435\u043b\u044e \u043a\u043e\u043c\u0430\u043d\u0434\u043d\u044b\u0439 \u0441\u0443\u043d\u0434\u0443\u043a \u0438 \u0441\u043e\u0440\u0435\u0432\u043d\u043e\u0432\u0430\u043d\u0438\u044f, \u0434\u0430\u0436\u0435 \u0435\u0441\u043b\u0438 \u0432\u044b \u0438\u0445 \u043f\u043b\u043e\u0445\u043e \u0434\u0435\u043b\u0430\u0435\u0442\u0435, \u0432\u0441\u0435 \u0440\u0430\u0432\u043d\u043e \u044d\u043a\u0441\u0442\u0440\u0430 6-7 \u0442\u044b\u0441\u044f\u0447 \u0432\u0430\u043c \u043e\u0431\u0435\u0441\u043f\u0435\u0447\u0435\u043d\u044b.  <\/p>\n\n\n\n<p>\u041f\u043e\u044d\u0442\u043e\u043c\u0443 \u043a\u0430\u0436\u0434\u044b\u0439 \u0440\u0430\u0437, \u043a\u043e\u0433\u0434\u0430 \u043d\u0430\u0447\u0438\u043d\u0430\u0435\u0442\u0441\u044f \u041a\u0421 , \u043d\u0430\u0434\u043e \u0437\u0430\u043a\u0443\u043f\u0438\u0442\u044c \u043a \u043d\u0435\u0439 \u043c\u0430\u0448\u0438\u043d\u044b, .\u0442.\u043a. \u043a\u0430\u043a\u0438\u0435-\u0442\u043e \u0434\u0435\u0448\u0435\u0432\u043b\u0435, \u043a\u0430\u043a\u0438\u0435-\u0442\u043e \u0434\u043e\u0440\u043e\u0436\u0435 \u043d\u0430 \u043f\u0440\u043e\u043a\u0430\u0447\u043a\u0435, \u0430 \u0437\u0430\u043a\u0443\u043f\u0438\u0442\u044c \u043d\u0430\u0434\u043e, \u0442.\u043a. \u0434\u0430\u0436\u0435 \u043c\u0435\u0434\u043b\u0435\u043d\u043d\u043e \u0441\u0434\u0435\u043b\u0430\u043d\u043d\u0430\u044f \u0442\u0440\u0430\u0441\u0441\u0430 \u0434\u0430\u0435\u0442 1000, \u0441\u043b\u0435\u0434\u043e\u0432\u0430\u0442\u0435\u043b\u044c\u043d\u043e \u044d\u0442\u043e \u0441\u0440\u0430\u0437\u0443 4000 \u0431\u0430\u043b\u043b\u043e\u0432, \u043f\u0440\u043e\u0441\u0442\u043e \u043f\u0440\u043e\u0435\u0445\u0430\u0442\u044c \u043d\u0430 \u0432\u0441\u0435\u0445 \u043c\u0430\u0448\u0438\u043d\u043a\u0430\u0445!!! \u043a\u0440\u043e\u043c\u0435 \u0442\u043e\u0433\u043e , \u0438\u043d\u043e\u0433\u0434\u0430 2-3 \u0442\u044b\u0441\u044f\u0447\u0438 \u0438 \u0440\u0435\u0448\u0430\u044e\u0442 \u0438\u0441\u0445\u043e\u0434 \u041a\u0421. <\/p>\n\n\n\n<p>\u0411\u043e\u043b\u0435\u0435 \u0442\u043e\u0433\u043e, \u043b\u0443\u0447\u0448\u0435 \u0432\u043e\u043e\u0431\u0449\u0435 \u0438\u043c\u0435\u0442\u044c \u0432\u0441\u0435 \u043c\u0430\u0448\u0438\u043d\u044b, \u0442.\u043a. \u0434\u043e 5-\u043e\u0433\u043e \u043b\u0435\u0432\u0435\u043b\u0430, \u0430 \u043d\u0435\u043a\u043e\u0442\u043e\u0440\u044b\u0435 \u0434\u043e 6-\u043e\u0433\u043e \u0438 7-\u043e\u0433\u043e, \u043f\u0440\u043e\u043a\u0430\u0447\u0438\u0432\u0430\u044e\u0442\u0441\u044f \u0431\u0435\u0441\u043f\u043b\u0430\u0442\u043d\u043e<\/p>\n\n\n\n<p>\u042f \u043f\u043e\u043d\u0438\u043c\u0430\u044e, \u0447\u0442\u043e 2000 \u043a\u0430\u0436\u0443\u0442\u0441\u044f \u043d\u0435 \u0434\u0435\u043d\u044c\u0433\u0438, \u043e\u0441\u043e\u0431\u0435\u043d\u043d\u043e \u0435\u0441\u043b\u0438 \u0443 \u0432\u0430\u0441 \u0441\u0434\u0435\u043b\u0430\u043d\u043e 40-50 \u0442\u044b\u0441\u044f\u0447 \u043c\u043e\u043d\u0435\u0442, \u043d\u043e \u0437\u0434\u0435\u0441\u044c \u0441\u043d\u043e\u0432\u0430 \u043c\u0430\u0442\u0435\u043c\u0430\u0442\u0438\u043a\u0430:<\/p>\n\n\n\n<p><br>\u0435\u0441\u043b\u0438 \u043f\u0435\u0440\u0435\u0445\u043e\u0434 \u0441\u043e \u0432\u0442\u043e\u0440\u043e\u0433\u043e \u043d\u0430 \u0442\u0440\u0435\u0442\u0438\u0439, \u0441 \u0442\u0440\u0435\u0442\u044c\u0435\u0433\u043e \u043d\u0430 \u0447\u0435\u0442\u0432\u0435\u0440\u0442\u044b\u0439 \u0438 \u0442.\u0434. \u043f\u043e \u0447\u0435\u0442\u044b\u0440\u0435 \u0434\u0435\u0442\u0430\u043b\u0438 , \u0442\u043e 2\u00d74 + 3\u00d74 + 5\u00d74 + 6\u00d74 + 7\u00d74 (\u044f \u0446\u0435\u043d \u043d\u0435 \u043f\u043e\u043c\u043d\u044e, \u043f\u043e\u044d\u0442\u043e\u043c\u0443 \u0431\u0435\u0440\u0443 \u043f\u043e 1 \u0442\u044b\u0441\u044f\u0447\u0435 \u043f\u043b\u044e\u0441, \u0433\u0434\u0435-\u0442\u043e \u044d\u0442\u043e \u0431\u043e\u043b\u044c\u0448\u0435, \u0433\u0434\u0435-\u0442\u043e \u043c\u0435\u043d\u044c\u0448\u0435, \u043d\u0435 \u0432\u0430\u0436\u043d\u043e), \u0442\u043e \u0443\u0436\u0435 \u0442\u043e\u043b\u044c\u043a\u043e \u0432 \u0441\u0440\u0435\u0434\u043d\u0435\u043c \u043f\u0435\u0440\u0432\u044b\u0435 5 \u0443\u0440\u043e\u0432\u043d\u0435\u0439 \u043d\u0430 \u043c\u0430\u0448\u0438\u043d\u0435 \u0441\u0442\u043e\u044f\u0442 \u043f\u043e\u0447\u0442\u0438 100 \u0442\u044b\u0441\u044f\u0447\u2026 \u0430 \u0435\u0441\u0442\u044c \u043c\u0430\u0448\u0438\u043d\u044b, \u0433\u0434\u0435 \u043f\u0435\u0440\u0432\u044b\u0435 5 \u0443\u0440\u043e\u0432\u043d\u0435\u0439 &#8212;  200 \u0442\u044b\u0441\u044f\u0447 \u0438 \u0442.\u0434.<\/p>\n\n\n\n<p>\u0415\u0441\u043b\u0438, \u0434\u0430\u0436\u0435 , \u0432 \u0441\u0440\u0435\u0434\u043d\u0435\u043c \u0431\u0440\u0430\u0442\u044c \u043f\u043e 100, \u0442\u043e \u043d\u0430 20 \u043c\u0430\u0448\u0438\u043d \u044d\u0442\u043e 100 000 \u00d7 20 =<br>2 \u043c\u0438\u043b\u043b\u0438\u043e\u043d\u0430 !!!!<\/p>\n\n\n\n<p>\u0422.\u0435. \u0431\u0435\u0441\u043f\u043b\u0430\u0442\u043d\u0430\u044f \u043f\u0440\u043e\u043a\u0430\u0447\u043a\u0430 \u044d\u043a\u043e\u043d\u043e\u043c\u0438\u0442 2 &#8212; 3 \u043c\u0438\u043b\u043b\u0438\u043e\u043d\u0430 \u043c\u043e\u043d\u0435\u0442 (\u043f\u0440\u043e\u043a\u0430\u0447\u043a\u0430 \u0440\u0430\u043b\u043b\u0438\u0439\u043d\u043e\u0439\/\u0433\u0440\u0443\u0437\u043e\u0432\u0438\u043a\u0430\/\u043b\u0438\u0445\u0430\u0447\u0430\/\u0441\u0443\u043f\u0435\u0440\u0431\u0430\u0439\u043a\u0430 4 \u043c\u0438\u043b\u043b\u0438\u043e\u043d\u0430, \u0441\u043b\u0435\u0434\u043e\u0432\u0430\u0442\u0435\u043b\u044c\u043d\u043e, \u0441\u044d\u043a\u043e\u043d\u043e\u043c\u0438\u0432 \u043d\u0430 \u043f\u0440\u043e\u043a\u0430\u0447\u043a\u0435 \u0432\u044b \u043f\u043e\u0447\u0442\u0438 \u0431\u0435\u0441\u043f\u043b\u0430\u0442\u043d\u043e \u043a\u0430\u0447\u0430\u0435\u0442\u0435 \u0440\u0430\u043b\u043b\u0438\u0439\u043a\u0443\/\u0433\u0440\u0443\u0437\u043e\u0432\u0438\u043a\/\u043b\u0438\u0445\u0430\u0447\u0430\/\u0441\u0443\u043f\u0435\u0440\u0431\u0430\u0439\u043a<\/p>\n\n\n\n<p>\u042d\u0442\u043e \u043a\u0430\u0441\u0430\u0435\u0442\u0441\u044f, \u043a\u0441\u0442\u0430\u0442\u0438, \u0438 \u0432\u043d\u0443\u0442\u0440\u0435\u043d\u043d\u0435\u0433\u043e \u0442\u044e\u043d\u043d\u0438\u043d\u0433\u0430.<br>\u0417\u0430 \u0440\u0435\u043a\u043b\u0430\u043c\u0443 \u0441\u0435\u0440\u044b\u0435 \u043c\u043e\u0436\u043d\u043e \u043f\u043e\u0434\u043d\u044f\u0442\u044c \u0434\u043e 5\u0442\u0438, \u0437\u043e\u043b\u043e\u0442\u044b\u0435 \u0434\u043e 3\u0445, \u0447\u0442\u043e \u0442\u043e\u0436\u0435 \u044d\u043a\u043e\u043d\u043e\u043c\u0438\u0442 \u043e\u0447\u0435\u043d\u044c \u043c\u043d\u043e\u0433\u043e \u0434\u0435\u043d\u0435\u0433.<\/p>\n\n\n\n<p>\u0421\u043b\u0435\u0434\u043e\u0432\u0430\u0442\u0435\u043b\u044c\u043d\u043e, \u043d\u0430\u0434\u043e \u043c\u0430\u0448\u0438\u043d\u044b \u0438\u043c\u0435\u0442\u044c \u0437\u0430\u0440\u0430\u043d\u0435\u0435\u2026.<\/p>\n\n\n\n<p>\u0427\u0442\u043e\u0431\u044b \u0434\u043b\u044f \u041a\u0421 , \u0433\u0434\u0435 \u043e\u043d\u0430 \u043d\u0443\u0436\u043d\u0430 , \u0445\u043e\u0442\u044f \u0431\u044b 5\u044b\u0439 \u043b\u0435\u0432\u0435\u043b \u0431\u044b\u043b \u0431\u044b \u0441\u0434\u0435\u043b\u0430\u043d\u2026<\/p>\n\n\n\n<p><\/p>\n","protected":false},"excerpt":{"rendered":"<p>\u042f \u0437\u0430\u043c\u0435\u0442\u0438\u043b\u0430, \u0447\u0442\u043e \u043d\u0435\u043a\u043e\u0442\u043e\u0440\u044b\u0435 \u0442\u0440\u0430\u0441\u0441\u044b \u0432 \u041a\u0421 \u0443 \u043d\u0435\u043a\u043e\u0442\u043e\u0440\u044b\u0445 \u0438\u0433\u0440\u043e\u043a\u043e\u0432 \u043d\u0435 \u0432\u044b\u043f\u043e\u043b\u043d\u044f\u044e\u0442\u0441\u044f, \u0438 \u0437\u043d\u0430\u044e \u043f\u043e\u0447\u0435\u043c\u0443: \u043d\u0435\u0442 \u043c\u0430\u0448\u0438\u043d&#8230; \u041d\u0435\u043a\u043e\u0442\u043e\u0440\u044b\u043c \u0438\u0433\u0440\u043e\u043a\u0430\u043c \u043a\u0430\u0436\u0435\u0442\u0441\u044f,&hellip;<\/p>\n","protected":false},"author":2,"featured_media":429,"parent":0,"menu_order":0,"comment_status":"closed","ping_status":"closed","template":"","meta":{"spay_email":""},"_links":{"self":[{"href":"https:\/\/erenji.ru\/index.php?rest_route=\/wp\/v2\/pages\/489"}],"collection":[{"href":"https:\/\/erenji.ru\/index.php?rest_route=\/wp\/v2\/pages"}],"about":[{"href":"https:\/\/erenji.ru\/index.php?rest_route=\/wp\/v2\/types\/page"}],"author":[{"embeddable":true,"href":"https:\/\/erenji.ru\/index.php?rest_route=\/wp\/v2\/users\/2"}],"replies":[{"embeddable":true,"href":"https:\/\/erenji.ru\/index.php?rest_route=%2Fwp%2Fv2%2Fcomments&post=489"}],"version-history":[{"count":8,"href":"https:\/\/erenji.ru\/index.php?rest_route=\/wp\/v2\/pages\/489\/revisions"}],"predecessor-version":[{"id":547,"href":"https:\/\/erenji.ru\/index.php?rest_route=\/wp\/v2\/pages\/489\/revisions\/547"}],"wp:featuredmedia":[{"embeddable":true,"href":"https:\/\/erenji.ru\/index.php?rest_route=\/wp\/v2\/media\/429"}],"wp:attachment":[{"href":"https:\/\/erenji.ru\/index.php?rest_route=%2Fwp%2Fv2%2Fmedia&parent=489"}],"curies":[{"name":"wp","href":"https:\/\/api.w.org\/{rel}","templated":true}]}}